-16. What is the highest common factor of 200 and n?
25
Let w = -8 + 4. Let o(r) = 3*r**2 + 7*r + 4. Let i be o(w). Let s = -88 + 148. What is the greatest common factor of i and s?
12
Let m(o) = -26*o. Let k be m(-2). Let n = 42 - 29. What is the highest common factor of n and k?
13
Let r = 249 + 61. Suppose -z = 4*z - r. Suppose -5*c = -z + 2. Calculate the highest common divisor of 24 and c.
12
Suppose -5*j + 66 = -2*z - z, -21 = -2*j + 3*z. What is the highest common factor of 165 and j?
15
Let j = 9 + -5. Let l(p) = -4*p**3 - p**2 - 2*p - 1. Let r be l(-1). Let w be ((-2)/r)/(2/(-64)). What is the highest common divisor of j and w?
4
Let u(y) = -y**2 - 5*y + 6. Let v(t) = -t - 2. Let s be v(3). Let c be u(s). Let z = c - -12. What is the highest common divisor of 27 and z?
9
Let f be 6/(-9) + 29/3. What is the highest common factor of f and 1?
1
Suppose 385*o = 381*o + 56. Calculate the highest common divisor of 28 and o.
14
Let b(r) = 15*r + 8. Let q be b(8). Let z = 52 - 77. Let g be (10/z)/(3/(-120)). Calculate the highest common divisor of g and q.
16
Let i = 166 + -11. Suppose 2*h - 51 = b + 54, 3*h - b - i = 0. What is the greatest common factor of 10 and h?
10
Let w be ((-1)/3)/((-1)/21). Let r = w + -4. Let f be (8 + -2)*(-5)/(-5). Calculate the highest common divisor of f and r.
3
Suppose -11*h = -4*h - 301. What is the highest common factor of 43 and h?
43
Let u = 89 + -65. Calculate the highest common factor of u and 12.
12
Let y = 3 + -2. Let g(d) = -2*d - d + 3 + y. Let p be g(-3). What is the greatest common divisor of 52 and p?
13
Let n(u) = 6*u**2 + 5*u - 4. Let c = -6 + 2. Let j be n(c). Calculate the greatest common divisor of j and 8.
8
Suppose 0 = -5*i + 36 - 6. Suppose s = i*s. Suppose -2*c = -s - 4. What is the highest common divisor of 2 and c?
2
Let q be (-4)/(-6) + 20/6. Let p be 0*(-2)/q*1. Let t(c) = c + 20. Let h be t(p). What is the greatest common factor of h and 4?
4
Let y(r) = 239*r**2 + 1. Let n be y(1). Suppose -a = -2*u - n, -3*u + 5*a - 353 = -0*u. Let w = u - -265. Calculate the highest common divisor of w and 18.
18
Suppose -1 = -k + 3. What is the greatest common factor of 36 and k?
4
Let x(a) = -4*a + 16. Let m be x(2). What is the highest common divisor of 24 and m?
8
Let q(k) = -5*k. Let d be q(-1). What is the highest common divisor of d and 1?
1
Let j(b) = -b - 1. Let z be j(-2). Let h = 12 - 10. What is the greatest common factor of h and z?
1
Suppose -19 = -4*m - 3*b, -3*m + b + 15 = m. Let h be ((-39)/6)/((-2)/m). Let s = -74 - -165. What is the highest common factor of h and s?
13
Suppose -3*a - 5*m + 117 = 0, 2*a + 123 = 5*a + 3*m. Suppose 3*b - 5*g - 58 = 0, b - 5 - 1 = -g. Calculate the greatest common factor of b and a.
11
Let q(i) = -2*i - 1 + 5*i - 4 - 3. Let f be q(6). Calculate the highest common factor of 50 and f.
10
Let p(u) = 143*u**2 + u + 1. Let t be (-1)/(-4) + (-69)/(-12). Suppose -t = 4*a - 2. Let y be p(a). Calculate the greatest common divisor of 13 and y.
13
Let w(b) = -16*b + 4. Let s be w(-6). Let r = -60 + s. What is the greatest common factor of 10 and r?
10
Let c be 2/2*(-76 + -1). Let q = c + 142. Calculate the greatest common divisor of 26 and q.
13
Let j = -8 - -8. Suppose -4*r + 2 = -q - j, -q + 22 = 4*r. Suppose 3*h = -3*b - 0*h - 9, -2*b = -h - 9. What is the greatest common divisor of q and b?
2
Suppose 2*v + 8 = -4*s, -5*s + 0*v - 2*v - 9 = 0. Let b(f) = -f + 1. Let x be b(s). Let y = 23 - x. Calculate the greatest common factor of y and 14.
7
Let z be (10/(-3))/(16/(-12) + 1). What is the greatest common factor of z and 80?
10
Let m = 10 + -6. Suppose -2*v = -2*n - 102, m*v = -0*n + 3*n + 208. Calculate the highest common divisor of 5 and v.
5
Let c(p) = p + 1. Let g be c(6). Let w = 102 + -53. Let i = w + 14. Calculate the highest common factor of g and i.
7
Let k(n) be the second derivative of n**4/12 + 5*n**3/3 + 4*n**2 - 4*n. Let d be k(-10). Calculate the greatest common divisor of 12 and d.
4
Let f(l) = -l**2 - 7*l - 6. Let s be f(-5). Suppose -g + 155 = s*g. Suppose -v + g = -4. Calculate the greatest common factor of v and 5.
5
Let v be 8*-2*(-1)/4. Let s be 0/((-3)/((-6)/v)). Let f = s - -10. Calculate the highest common divisor of 90 and f.
10
Suppose 0 = -4*n - 4*n + 64. Calculate the highest common factor of n and 8.
8
Let s = 8 - 4. Let r(g) = 4*g**2 + 6*g + 6. Let h be r(-5). Suppose h - 12 = 4*f. Calculate the greatest common divisor of f and s.
4
Suppose -27 = -2*b - 19. Calculate the greatest common divisor of 4 and b.
4
Suppose 0 = -2*w - 7 - 5. Let f(v) = v**2 + 7*v + 6. Let z be f(w). Let s be z + 3 - (-4 - 19). Calculate the greatest common divisor of 65 and s.
13
Let x(j) = j**2 + 35. Let s be x(0). Let t = s + -23. Suppose -5*p + 1 = -5*w - 84, -80 = -5*p + 4*w. What is the highest common divisor of t and p?
12
Let m(b) = b**2 + 7*b - 5. Let f be m(-7). Let l be (f - 0)*(-2 + 1). Suppose r = 2*y + 5, -2*r + l*y = -0 - 5. What is the greatest common factor of r and 6?
3
Suppose -3*s + 4*m = -28, 3*s - 45 = m - 11. Calculate the highest common divisor of s and 3.
3
Let u = 14 + -22. Let f = 0 - u. Calculate the greatest common divisor of f and 16.
8
Suppose -19 = -5*x + 4*x. What is the greatest common divisor of 209 and x?
19
Let i(f) = f**2 + 4*f + 5. Let d be i(-4). Let v = d + 11. Let c(t) = t**2 + 6*t + 4. Let g be c(-6). What is the highest common factor of v and g?
4
Suppose g + 3*g = 704. Let m = g - -11. What is the highest common factor of m and 17?
17
Let d = -24 - -28. Calculate the highest common divisor of d and 44.
4
Suppose 2*s = h + 301, 3*h + 0*h + 143 = s. Suppose -4*y - 95 = -5*a, 2*a + 0*y = 5*y + 38. Calculate the greatest common factor of a and s.
19
Suppose 0 = -4*g + 42 - 6. Let v(p) = 4*p - 6*p**2 - 2 - 3*p**3 - 1 + 2*p**3. Let j be v(-7). What is the highest common divisor of j and g?
9
Let w = 294 + -162. Calculate the highest common factor of 44 and w.
44
Let w be (-12)/((-3)/6*4). What is the greatest common factor of 12 and w?
6
Let j = -33 + 34. What is the highest common factor of 11 and j?
1
Let b = 152 + -31. Let o(u) be the first derivative of u**2/2 + 24*u + 7. Let m be o(-13). What is the highest common factor of b and m?
11
Let p be 280*(1 + (-3)/5). Let k(c) = 5*c**2 - 3*c + 2. Let i be k(2). Calculate the highest common divisor of p and i.
16
Suppose 4*r - 5*i - 370 = 0, 6 = -r - i + 94. What is the greatest common divisor of 10 and r?
10
Let r = -34 + 67. Suppose r = 2*c + 85. Let w be 1*2 + (4 - c). What is the highest common divisor of w and 80?
16
Let c be (1 - 3)/(6/(-75)). Suppose 0*y + c = y. Let n be (10/3)/2*6. What is the greatest common divisor of n and y?
5
Let u = 610 + -368. Calculate the greatest common factor of u and 22.
22
Suppose -3*h - 2*c + 296 = 0, 0 = 4*h - 8*h - 2*c + 392. Let v be (9/2)/(18/96). Calculate the greatest common factor of h and v.
24
Let s(f) = -3*f. Let b be s(-1). Suppose 2*k = -2, -b*h + 2*k = 7*k - 22. What is the highest common divisor of 90 and h?
9
Let m be (-3 - -4)*(-1 - -12). Calculate the greatest common divisor of m and 121.
11
Let s = 245 - 175. Let d be (-21)/(-2)*(-8)/(-6). What is the highest common factor of d and s?
14
Let k = 1 - 4. Let x be (1 + 0)/(k/(-315)). What is the highest common divisor of x and 15?
15
Suppose 5*p + 1 = 91. Calculate the highest common divisor of 45 and p.
9
Suppose 4*j = j - 9, 5*r + 5*j = 300. Let o = 3 + -2. Let u(x) = 8*x - 1. Let w be u(o). What is the highest common divisor of r and w?
7
Let d be 33/7 + (-6)/(-21). Let r = -15 + 16. What is the greatest common divisor of r and d?
1
Let q = -2 - -5. Let w = q - -14. Let d = -178 + 331. What is the highest common factor of w and d?
17
Suppose 0 = 4*q + q - 105. Calculate the greatest common divisor of q and 3.
3
Let r(z) = -8*z - 24. Let j be r(-9). What is the highest common factor of j and 6?
6
Suppose a - 60 = l, -2*a + 0*l + 100 = 3*l. What is the greatest common divisor of a and 28?
28
Let k(l) = -l**2 - l. Let z = 0 - 1. Let j(u) = -8*u**2 + u + 3. Let t(f) = z*j(f) + 6*k(f). Let m be t(6). What is the greatest common factor of m and 18?
9
Let s = 63 - 15. Suppose 4*a - s = a. What is the greatest common factor of a and 80?
16
Let t be (-1*9)/(-3) + 6